50.
90
Calculate the greatest common divisor of 24 and 4872.
24
Calculate the greatest common factor of 42 and 48.
6
What is the greatest common divisor of 160666 and 22?
22
Calculate the highest common factor of 435 and 174.
87
Calculate the greatest common divisor of 111 and 481.
37
Calculate the greatest common divisor of 9 and 549.
9
Calculate the greatest common factor of 12 and 60.
12
What is the highest common divisor of 871 and 104?
13
What is the highest common factor of 14 and 406?
14
Calculate the highest common divisor of 5 and 108.
1
What is the greatest common divisor of 10 and 83?
1
Calculate the highest common factor of 59 and 17287.
59
What is the greatest common factor of 98 and 74?
2
Calculate the greatest common factor of 3264 and 51.
51
Calculate the highest common divisor of 64 and 656.
16
Calculate the greatest common divisor of 37 and 851.
37
Calculate the greatest common factor of 630 and 7.
7
Calculate the greatest common divisor of 6 and 762.
6
Calculate the greatest common factor of 37 and 10434.
37
What is the greatest common factor of 57 and 99?
3
What is the highest common factor of 4459 and 182?
91
Calculate the greatest common factor of 657 and 9.
9
What is the highest common factor of 840 and 216?
24
What is the highest common factor of 90 and 198?
18
Calculate the highest common divisor of 14 and 26432.
14
What is the greatest common factor of 5 and 1?
1
Calculate the greatest common factor of 5593 and 153.
17
What is the greatest common divisor of 336 and 160?
16
What is the highest common divisor of 54325 and 53?
53
What is the highest common factor of 128 and 5456?
16
What is the highest common divisor of 168 and 175?
7
Calculate the highest common divisor of 180 and 640.
20
What is the greatest common factor of 3532 and 8?
4
Calculate the highest common factor of 56 and 32.
8
Calculate the highest common factor of 1 and 125.
1
What is the greatest common divisor of 320 and 192?
64
Calculate the greatest common factor of 270 and 315.
45
What is the greatest common divisor of 55 and 10?
5
Calculate the greatest common divisor of 472 and 4897.
59
Calculate the highest common factor of 600 and 552.
24
What is the greatest common divisor of 309 and 51?
3
Calculate the greatest common divisor of 8 and 108.
4
Calculate the greatest common factor of 9800 and 175.
175
What is the highest common factor of 47102 and 22?
22
Calculate the highest common divisor of 253 and 1199.
11
What is the greatest common divisor of 154 and 198?
22
What is the highest common divisor of 96 and 6?
6
Calculate the highest common divisor of 348 and 228.
12
What is the greatest common divisor of 75 and 25?
25
Calculate the highest common divisor of 27 and 15.
3
Calculate the greatest common divisor of 209 and 33.
11
Calculate the greatest common factor of 77 and 1001.
77
What is the greatest common factor of 8295 and 35?
35
What is the greatest common divisor of 36 and 531?
9
Calculate the greatest common divisor of 308 and 836.
44
What is the highest common factor of 57 and 285?
57
Calculate the highest common divisor of 589 and 19.
19
Calculate the highest common factor of 192 and 24.
24
Calculate the greatest common factor of 2565 and 255.
15
What is the greatest common divisor of 31 and 124?
31
What is the highest common divisor of 20 and 1060?
20
Calculate the greatest common divisor of 239 and 9799.
239
Calculate the highest common factor of 255 and 204.
51
What is the greatest common divisor of 68 and 374?
34
What is the greatest common divisor of 62 and 210?
2
Calculate the greatest common divisor of 7 and 5201.
7
Calculate the greatest common factor of 126 and 371.
7
What is the highest common factor of 4218 and 666?
222
Calculate the highest common divisor of 1314 and 584.
146
Calculate the greatest common divisor of 288 and 6012.
36
Calculate the highest common factor of 243 and 9.
9
What is the greatest common factor of 3652 and 44?
44
What is the highest common divisor of 63 and 105?
21
What is the greatest common factor of 437 and 152?
19
What is the greatest common divisor of 2568 and 107?
107
What is the highest common divisor of 384 and 44?
4
What is the greatest common factor of 17155 and 146?
73
What is the greatest common divisor of 36 and 1962?
18
What is the greatest common divisor of 3922 and 318?
106
Calculate the highest common factor of 1073 and 111.
37
Calculate the greatest common divisor of 7708 and 246.
82
Calculate the greatest common divisor of 72 and 153.
9
What is the highest common factor of 21 and 2625?
21
Calculate the greatest common divisor of 384 and 10.
2
What is the greatest common divisor of 174 and 6?
6
Calculate the greatest common factor of 760 and 240.
40
Calculate the highest common divisor of 637 and 931.
49
What is the highest common factor of 1224 and 444?
12
What is the highest common divisor of 51 and 867?
51
Calculate the greatest common divisor of 10128 and 48.
48
Calculate the highest common factor of 45 and 25.
5
Calculate the highest common factor of 3 and 177.
3
What is the greatest common divisor of 65 and 299?
13
What is the highest common divisor of 25 and 75?
25
Calculate the greatest common divisor of 437 and 46.
23
Calculate the greatest common factor of 2337 and 57.
57
What is the greatest common divisor of 17 and 272?
17
What is the greatest common divisor of 12 and 15?
3
Calculate the greatest common divisor of 23562 and 17.
17
What is the greatest common divisor of 294 and 196?
98
What is the highest common factor of 395 and 5?
5
What is the greatest common factor of 1944 and 270?
54
What is the highest common factor of 338 and 1378?
26
What is the greatest common divisor of 104 and 2717?
13
What is the greatest common factor of 124 and 2?
2
What is the highest common factor of 86 and 774?
86
Calculate the highest common divisor of 20 and 530.
10
What is the highest common divisor of 423 and 47?
47
Calculate the greatest common divisor of 588 and 308.
28
Calculate the highest common divisor of 132 and 732.
12
What is the highest common factor of 266 and 84?
14
What is the greatest common divisor of 74 and 3293?
37
Calculate the highest common factor of 6478 and 410.
82
Calculate the highest common divisor of 15 and 4455.
15
Calculate the greatest common divisor of 16 and 272.
16
Calculate the highest common divisor of 24795 and 342.
171
What is the greatest common factor of 12 and 100?
4
Calculate the greatest common divisor of 1027 and 79.
79
What is the greatest common divisor of 28 and 7574?
14
Calculate the greatest common divisor of 345 and 15.
15
What is the greatest common divisor of 400 and 1050?
50
Calculate the greatest common divisor of 65 and 325.
65
Calculate the greatest common factor of 200 and 8050.
50
What is the greatest common factor of 552 and 24?
24
Calculate the highest common factor of 115 and 1058.
23
Calculate the highest common factor of 1272 and 24.
24
What is the highest common factor of 54 and 3195?
9
Calculate the highest common divisor of 444 and 228.
12
Calculate the greatest common divisor of 130 and 10.
10
What is the highest common factor of 10902 and 6?
6
What is the highest common divisor of 72 and 126?
18
What is the greatest common divisor of 395 and 105?
5
What is the greatest common divisor of 1507 and 143?
11
What is the highest common divisor of 15 and 39?
3
What is the greatest common divisor of 144 and 16?
16
What is the highest common divisor of 72 and 99?
9
Calculate the greatest common divisor of 77 and 7513.
11
What is the highest common factor of 1409 and 5?
1
What is the greatest common divisor of 33 and 8877?
33
Calculate the highest common factor of 104 and 8.
8
Calculate the greatest common divisor of 39 and 273.
39
What is the highest common divisor of 204 and 5406?
102
Calculate the greatest common divisor of 9 and 207.
9
What is the greatest common divisor of 272 and 144?
16
Calculate the greatest common divisor of 1408 and 4752.
176
Calculate the highest common divisor of 3621 and 102.
51
What is the highest common divisor of 385 and 35?
35
Calculate the highest common divisor of 5 and 32.
1
What is the greatest common divisor of 1325 and 125?
25
What is the highest common factor of 37 and 111?
37
Calculate